{"id":582,"date":"2020-05-07T10:21:47","date_gmt":"2020-05-07T08:21:47","guid":{"rendered":"https:\/\/kodatrakcyjnosci.pl\/zamowienie\/?post_type=product&#038;p=582"},"modified":"2020-07-18T02:04:37","modified_gmt":"2020-07-18T00:04:37","slug":"kurs-kod-atrakcyjnosci-ka-i","status":"publish","type":"product","link":"https:\/\/kodatrakcyjnosci.pl\/zamowienie\/p\/kurs-kod-atrakcyjnosci-ka-i\/","title":{"rendered":"Kurs Kod Atrakcyjno\u015bci (KA I)"},"content":{"rendered":"","protected":false},"excerpt":{"rendered":"<p class=\"topline styl88 styl141 \" align=\"left\"><span class=\"styl165\">Przeczytaj i zaakceptuj warunki:<\/span><\/p>\n<ul>\n<li class=\"topline styl88 styl141 \">rozumiem, \u017ce po\u015bwi\u0119ci\u0142e\u015b wiele lat na nauczenie si\u0119 i doprowadzenie do perfekcji tej wiedzy i zgadzam si\u0119 podj\u0105\u0107 nauk\u0119 i trening z najwi\u0119kszym szacunkiem<\/li>\n<li class=\"topline styl88 styl141 \">zgadzam si\u0119 realizowa\u0107 moj\u0105 codzienn\u0105 prac\u0119 domow\u0105 i stosowa\u0107 ka\u017cd\u0105 lekcj\u0119 w praktyce w moim \u017cyciu i biznesie<\/li>\n<li class=\"topline styl88 styl141 \">zgadzam si\u0119 uczestniczy\u0107 w tym programie, zadawa\u0107 pytania w treningach na \u017cywo i dawa\u0107 informacj\u0119 o efektach i rezultatach treningu<\/li>\n<li class=\"topline styl88 styl141 \">zdaj\u0119 sobie spraw\u0119 z tego, \u017ce to b\u0119dzie zabawa, ale i intensywna praca i jestem gotowy na to wyzwanie.<\/li>\n<\/ul>\n<p class=\"styl147\" align=\"justify\"><strong><span class=\"styl163\">Twoja 100% 30 Dniowa Gwarancja Zero Ryzyka<\/span><\/strong><\/p>\n<p>Brunet, b\u0119d\u0119 uczestniczy\u0142 w kursie z pe\u0142nym zaanga\u017cowaniem. W\u0142o\u017ce w to swoj\u0105 prac\u0119. Rozumiem, \u017ce mam hojne\u00a0<strong>30 dni bez ryzyka<\/strong>\u00a0na zdecydowanie czy Kod Atrakcyjno\u015bci jest dla mnie. W tym czasie mog\u0119 zapyta\u0107 o pe\u0142ny zwrot wp\u0142aty w czasie 30 dni i zatrzymam te sesje treningowe, kt\u00f3re otrzyma\u0142em jako prezent.<\/p>\n<p><strong>Tak, Jestem Pewien&#8230; Chc\u0119 Rozwin\u0105\u0107 Si\u0119 I Chc\u0119 Pozna\u0107 Kod Atrakcyjno\u015bci<\/strong><\/p>\n<p><strong><label for=\"cena1\"><span class=\"styl147\">30 dniowy kurs Kod Atrakcyjno\u015bci 2x 97 z\u0142 <\/span><\/label>(dzi\u015b wp\u0142acasz 97 z\u0142, reszt\u0119 za 2 tygodnie)<\/strong><\/p>\n","protected":false},"featured_media":855,"template":"","meta":[],"product_cat":[16],"product_tag":[],"_links":{"self":[{"href":"https:\/\/kodatrakcyjnosci.pl\/zamowienie\/wp-json\/wp\/v2\/product\/582"}],"collection":[{"href":"https:\/\/kodatrakcyjnosci.pl\/zamowienie\/wp-json\/wp\/v2\/product"}],"about":[{"href":"https:\/\/kodatrakcyjnosci.pl\/zamowienie\/wp-json\/wp\/v2\/types\/product"}],"wp:featuredmedia":[{"embeddable":true,"href":"https:\/\/kodatrakcyjnosci.pl\/zamowienie\/wp-json\/wp\/v2\/media\/855"}],"wp:attachment":[{"href":"https:\/\/kodatrakcyjnosci.pl\/zamowienie\/wp-json\/wp\/v2\/media?parent=582"}],"wp:term":[{"taxonomy":"product_cat","embeddable":true,"href":"https:\/\/kodatrakcyjnosci.pl\/zamowienie\/wp-json\/wp\/v2\/product_cat?post=582"},{"taxonomy":"product_tag","embeddable":true,"href":"https:\/\/kodatrakcyjnosci.pl\/zamowienie\/wp-json\/wp\/v2\/product_tag?post=582"}],"curies":[{"name":"wp","href":"https:\/\/api.w.org\/{rel}","templated":true}]}}